Suppose 8*r - i - 6 = 6*r, 3*r - 16 = 5*i. What is the tens digit of r*(3481/9 - 2/(-9))?
7
What is the units digit of ((-1188)/(-55) - 22)*(-11124 - 1)?
0
Suppose -12*j = j - 0*j - 117429. What is the tens digit of j?
3
Let r(h) = 2207*h**2 + 22*h - 45. What is the ten thousands digit of r(5)?
5
Let s = -272 + 103. Let l = 63 - s. Suppose 0*a + 440 = 4*h - 2*a, 2*h - 4*a - l = 0. What is the tens digit of h?
0
Suppose 0*x = 5*x + 4*p + 18, -3*x + p = 21. Let g(l) = -103*l - 239. What is the tens digit of g(x)?
7
Suppose -4*q - 2*i = -176382, 0 = -36*q + 33*q + 5*i + 132345. What is the ten thousands digit of q?
4
Suppose 4*v - 40188 = -3*l - 0*l, -3*l = -3*v + 30141. What is the hundreds digit of v?
0
Let a(n) = n**3 + 108*n**2 + 435*n + 342. What is the tens digit of a(-103)?
8
Suppose 136*k = 97633 + 579499 + 97660. What is the thousands digit of k?
5
Let u(d) = -13*d - 26. Let t be u(-6). Suppose -r + 5*r + t = -5*i, r = 2. Let m = i - -81. What is the tens digit of m?
6
What is the hundreds digit of (19983 - 1)/2 + 24 + (-38 - -14)?
9
Let v be (-6)/12*116*-1. Let a be 4 + -3 + 1 + v. Let c = 99 - a. What is the units digit of c?
9
Suppose -240*c + 7498429 = 1498462 - 3617073. What is the units digit of c?
1
Let v = 73 + -93. Let t be ((-15)/v)/((-4)/11392 + 0). What is the units digit of ((-1)/3)/(14960/t - -7)?
9
Let o = 37 - 23. Suppose 3*u - 29 = -o. Suppose -4*a + 2*y = -122, a - 8 - 27 = u*y. What is the units digit of a?
0
What is the thousands digit of 10944/(-60)*(-600)/96?
1
What is the thousands digit of (-1886)/92*9348/(-3)?
3
Let y(t) be the third derivative of 0*t - 13/60*t**5 + 0 + 1/120*t**6 + 18*t**2 - 5/2*t**3 - 17/24*t**4. What is the tens digit of y(15)?
8
Let o be (-2)/(-28)*2 - (-5206)/14. Let h = -138 + o. What is the tens digit of h?
3
What is the hundreds digit of -78*(980/(-8) - 12)?
4
Let y(c) be the first derivative of c**4/4 - 7*c**3/3 - 21*c**2 + 32*c + 167. What is the tens digit of y(14)?
1
Suppose 69*n - 19*n - 1718368 = -248568. What is the thousands digit of n?
9
Suppose 0*t + t - x - 273 = 0, 5*t + 4*x = 1338. Let y = 8 + t. What is the tens digit of y/2 - 0/(4 + -8)?
3
Suppose -132*t + 306048 = -4*t. What is the tens digit of t?
9
Suppose -30*q = 45 + 165. What is the units digit of 3/((168/(-2504))/q)?
3
Suppose 4*y + 50 = 3*l + 1, -7*l = -5*y - 97. Let c(o) = 7*o**2 + 9*o + 65. What is the thousands digit of c(l)?
1
Let i(x) = -3*x - 8. Let v(m) = -2*m**2 + 7*m + 8. Let g be v(7). Let u = g + 28. What is the tens digit of i(u)?
3
Let y = 105 + -102. Let k(o) = 2*o**2 + o - 8. Let d be k(-7). Suppose -5*j + 57 + 35 = 3*z, -y*z = -4*j - d. What is the units digit of z?
9
Let r(d) = 149*d - 1. Let b be r(2). Suppose -3041 = -8*t - b. What is the hundreds digit of t?
3
Let n be -2 + 2 + (-3 - -320). Let t = 608 - n. What is the units digit of (-12)/18 + -2*t/(-9)?
4
Suppose -5*l - 119 = 1631. Let j = -236 - l. What is the tens digit of j?
1
Let r(w) = 11*w**2 - 134*w - 456. What is the hundreds digit of r(40)?
7
What is the units digit of (416770/639)/(2/18)?
0
Suppose 2*c + 5*z - z = 632, 5*z = 4*c - 1329. Let x = -116 + c. Suppose -3*l + 192 + x = 0. What is the tens digit of l?
3
Suppose -2*o - 36 = 5*y, -5*y - o - 2*o - 34 = 0. Let r = y - -14. What is the tens digit of (-9)/r - 85/(-2)?
4
Suppose -3*g = -73 + 13. Let c be ((-145)/g - -1)/((-3)/12). Suppose 3*a - 326 = c. What is the units digit of a?
7
Suppose -3*v = -3*l + 33, -20 = -2*l - v + 5. Suppose l*r = 6*r + 756. What is the hundreds digit of r?
1
Suppose -1027405 = -70*m - 3*m + 2646831. What is the tens digit of m?
3
Let u(n) be the second derivative of 229*n**3/3 + 5*n**2 - 59*n. What is the units digit of u(2)?
6
Suppose 3*d - 7 = 38. What is the units digit of (-3)/((-60)/8) - (-1629)/d?
9
Let s = 396 + 943. Let y = s + -846. What is the hundreds digit of y?
4
Let m(q) be the first derivative of -577*q**4/4 + q**3 + q**2 - q + 33. What is the tens digit of m(-1)?
7
Suppose -5*b + 0*d = -4*d - 70, 2*d - 20 = -3*b. Let n(o) = o**3 - 7*o**2 - 23*o + 13. Let x be n(b). Let z = x - -24. What is the tens digit of z?
0
Suppose 25*u - 22*u - 12 = 0. Suppose -3*n + u*i = 12, i = n + 3 - 0. What is the tens digit of 118 + (0 - (-3 + 0 + n))?
2
Let k(o) = 0*o - 26 - 2*o**2 - 29*o + 6*o**2 - 3*o**2. Let q be k(-15). Suppose 7*s = 437 + q. What is the units digit of s?
3
Suppose 0 = -3*q - 4*b - 30, 3*q + 30 = -11*b + 6*b. Let i(y) = -2*y**3 - 7*y**2 + 10*y + 29. What is the thousands digit of i(q)?
1
Let s(a) = -a + 1. Let c be s(9). Let z = c - -12. Suppose -5*k = -z*m - 189, -k + 5*k + m = 168. What is the tens digit of k?
4
Suppose -290*c + 292*c - 1884 = 0. What is the hundreds digit of (26/(-39))/(6/45) + c?
9
Suppose -u + 3*q = -14, 3*u = -4*q + 2 + 1. Suppose -187 = -2*v - 2*c - 43, 4*v - 287 = -u*c. What is the units digit of v?
3
Let s = 532 - 292. Suppose 0 = -4*f - 2*y - 86, -5*f + 5*y = 3*y + 130. What is the tens digit of (f/20)/((-9)/s)?
3
Suppose -101584 + 48201 = -38*p + 53853. What is the tens digit of p?
2
What is the hundreds digit of 140 + -140 + 11848/2?
9
Suppose 4*g - i + 5*i - 250240 = 0, -5*g + 312818 = 3*i. What is the hundreds digit of g?
5
Let r(g) = -g**3 + 38*g**2 + 2*g + 65. Let o be (49 - 56) + (43 - -1). What is the units digit of r(o)?
8
Let t(w) = -3*w**2 + 19*w + 16. Let s be t(7). Suppose -11*u + 14*u - 845 = -5*g, s*u = 3*g - 507. What is the tens digit of g?
6
Suppose -10334 = -18*p + 34. Let t = p + 723. What is the thousands digit of t?
1
Let o(z) = 5*z**3 + 26*z**2 - 1. Let i(f) = 2*f**3 + 9*f**2. Let d(m) = 11*i(m) - 4*o(m). Let l be d(4). What is the units digit of l/(-10)*(0 + -10)?
2
What is the thousands digit of 10756/((-15)/(-20) + (-7)/(-12))?
8
Suppose 0 = 9*q + 3*q - 480. Suppose -5*l - 2 = 3, -3*g + 5*l - q = 0. Let t(r) = 2*r**2 + 18*r - 8. What is the units digit of t(g)?
2
Suppose -1859 - 9308 = 26*v + 5187. Suppose 4*g - 3*g = -1. What is the tens digit of (v/(-51))/(g + (-10)/(-9))?
1
Suppose -2*q = 3*q - f + 2, 4*q - 10 = -5*f. Suppose 4*c - 4 = -4*d, 0 = -c - 6*d + 2*d - 5. Suppose q*i - c*i + 762 = 0. What is the units digit of i?
4
Let l(r) = r + 76. Let p(s) = -6*s + 25. Let h be p(7). What is the tens digit of l(h)?
5
Let h(c) = 23 - c**3 - 4 - 10 + 3 - 5*c**2 - 13*c. What is the hundreds digit of h(-7)?
2
Suppose 0 = -39*w - 78*w + 4539015. What is the tens digit of w?
9
Let h = 49 + -44. Suppose -b + h*b - 1740 = 0. What is the units digit of ((-6)/9)/((-10)/b)?
9
Let d = -19023 - -32780. What is the tens digit of d?
5
Let v be ((-13)/39)/((-2)/6). Let l be 0/5 + 3 + 176 + v. Suppose 0 = 15*u - 20*u + l. What is the units digit of u?
6
Suppose 9*u = 2*k + 4*u + 1226, 3*u + 3034 = -5*k. Let w = 1358 + k. What is the hundreds digit of w?
7
Suppose -4*s = 3*x - 16477, -7*s - 15 = -4*s. What is the units digit of x?
9
Let i = 123 + -114. Let c(g) = -g**3 + 9*g**2 + 2. Let k be c(i). Suppose -3*j + 39 = k*l, -5*l = j - l - 3. What is the tens digit of j?
1
Let w(j) = -j**3 + 4*j**2 + 3*j + 15. Let t = 55 - 50. Let v be w(t). Let i = 116 + v. What is the hundreds digit of i?
1
Suppose 3 = -4*o + 3*s - 9, -5*o = 3*s - 12. What is the tens digit of (-11008)/(-12) - 1/(o + 3)?
1
Let m(x) = -49*x**3 - 7*x**2 - 27*x - 118. What is the thousands digit of m(-5)?
5
Let j = -8599 + 19359. What is the units digit of j?
0
Let q = -4399 + 8609. What is the tens digit of q?
1
Let p be (4/(-4) + -424)*-75. What is the hundreds digit of p/34 - 1/(-2)?
9
Let a(j) be the third derivative of 7*j**5/60 + 19*j**4/24 - 32*j**3/3 - 26*j**2. What is the units digit of a(6)?
2
Let t = 37 - 37. Suppose -4*x + 2*m - 4 = -2*m, t = 5*x - 3*m - 1. Suppose f - 159 - 114 = -2*v, 3*f - 283 = -x*v. What is the hundreds digit of v?
1
Let k(a) = 157*a + 33. Let s be k(-2). Let v = 301 - s. What is the hundreds digit of v?
5
Let x(d) = 4*d**3 - 4*d**2 + 5*d - 5. Let s be x(2). Suppose 3*k = 2*o + 2408, -3*k + 20*o = s*o - 2423. What is the tens digit of k?
0
Suppose -4 - 8 = 6*a. Let z(g) = -g**3 - 2*g**2 + 4*g + 5. Let y be z(a). What is the tens digit of y/(9/(-57))*(8 + -1)?
3
Let h(f) = 86*f + 2151. What is the tens digit of h(83)?
8
Let n(m) = m. Let r(d) = 8*d - 8. Let q(y) = -56*n(y) + 4*r(y). Suppose f + 4*s = -